d(y). What is the greatest common divisor of n and 22?
22
Let y = 44 + 10. Let j = -101 + 113. Suppose -3*w - k = -y, -3*k + j + 74 = 5*w. Calculate the highest common divisor of w and 19.
19
Let n(w) = w**2 - 7. Let j(o) = -o**3 - 2*o + 2*o - 5*o**2 + 3. Let c be j(-5). Let r be n(c). What is the highest common factor of 8 and r?
2
Let u(o) = 0*o**3 + 10*o**2 + 79*o - 11 + 0*o**3 - 97*o + o**3. Let q be u(-11). What is the greatest common factor of q and 6?
6
Suppose 4*s + 8 = q - 0*q, -q = -s - 5. Let o(y) = -24*y**3 + y + 1. Let a be o(s). Calculate the greatest common factor of a and 24.
24
Suppose 0 = -10*o - 1 + 31. Suppose -3*w + 61 = q, 5*q - o*w - 199 = q. Calculate the greatest common factor of 4 and q.
4
Suppose -472 = -6*v + 2*v. Let u = v - 102. What is the greatest common divisor of u and 144?
16
Let s = 648 + -72. Calculate the greatest common factor of s and 36.
36
Let l = -40 + 64. Let z = 30 - l. Calculate the greatest common divisor of z and 54.
6
Let z(w) = 2 + 2*w + 4 + 2*w**2 - 4*w. Let g = -31 + 38. Let i be z(g). What is the highest common divisor of i and 10?
10
Suppose 3*u - 108 = 3*q, 2*u - 12*q = -9*q + 72. What is the highest common divisor of u and 24?
12
Suppose -5*j + 9 = -4*j. Suppose 4*b - 4*q + 36 = 232, 4*q + 151 = 3*b. What is the highest common divisor of j and b?
9
Suppose -4*u = -2*x - 140, -17*x = -19*x + 4. What is the greatest common divisor of 972 and u?
36
Suppose -3*p - 12 = -5*f, -2 = -3*p + 1. Suppose -g + 3*w + 36 = 12, -g - f*w = -12. Calculate the greatest common divisor of g and 9.
9
Let h = -47 + 37. Let y be -1*(-354)/15 - 4/h. What is the greatest common factor of y and 168?
24
Suppose -2*o + 5 = 1. Suppose o*c = -30 + 52. Calculate the highest common factor of 55 and c.
11
Suppose -6*k + 91 = -53. Calculate the highest common divisor of k and 2016.
24
Let l be (((-56)/24)/(-7))/(4/72). Calculate the greatest common factor of 96 and l.
6
Suppose -688 = -7*g + 887. Calculate the highest common divisor of 9 and g.
9
Let h = 1 + 0. Let n = 4 - 1. Let x be (-2)/2 + 0 + n. What is the highest common divisor of x and h?
1
Let c = 13 + 5. Let x be (-7)/(-2)*360/14. Calculate the greatest common factor of x and c.
18
Let q = -2505 + 2524. What is the greatest common divisor of q and 551?
19
Let y = 61 + 249. Calculate the greatest common divisor of 80 and y.
10
Let d be ((-44)/(-6))/((-8)/(-12)). Let g be (-986)/(-18) - (-160)/720. What is the greatest common factor of g and d?
11
Let b be (-100)/(-30) + 1/(-3). Suppose -2*s + 473 = -b. Suppose 45 + 54 = 2*q - 3*k, 5*q + 2*k = s. What is the highest common divisor of 24 and q?
24
Let d(z) = 53*z + 9. Let a be d(11). Calculate the highest common factor of 37 and a.
37
Suppose 198 = 5*o + 4*q, 4*q + 0*q = -o + 30. Suppose -o = 2*f - 224. Calculate the greatest common divisor of f and 13.
13
Let s(l) = 16*l**2 - 11*l + 4. Let p be s(2). What is the greatest common factor of p and 46?
46
Let r(i) be the second derivative of -7*i**3/3 - 7*i**2/2 + 34*i. Let c be r(-2). Calculate the highest common divisor of 105 and c.
21
Suppose 2*r + g - 9 = 0, 3*r - g = g + 3. Calculate the highest common factor of r and 69.
3
Let k be 950/(-15)*3/(-2). Suppose z + 159 = 3*q - 3*z, z - k = -2*q. What is the greatest common divisor of 7 and q?
7
Let d(a) = 52*a - 96. Let g be d(3). Let y be 16/(-6)*18/8. Let m be (2 - 22)*y/5. Calculate the highest common factor of g and m.
12
Let q = 43 - 15. Let u(w) = 3*w**2 - w. Suppose 0*j + 5*j = -5*h + 15, -2*h - 3*j + 11 = 0. Let p be u(h). What is the greatest common divisor of p and q?
14
Let r(s) = s**2 + 2*s + 3. Let o be r(-4). Let c = 15 - o. Suppose 3*a + c = 34. Calculate the greatest common factor of 40 and a.
10
Let b = -24 + 33. Let a = b + 14. What is the highest common divisor of 69 and a?
23
Suppose v + 0 = 16. Suppose -4*o + 0*o = -v. Suppose -7 = -5*t + o*t. Calculate the greatest common factor of t and 70.
7
Suppose -15*i = -33*i + 144. Calculate the greatest common divisor of 16 and i.
8
Let y be 160/70 - (-4)/(-14). Let h be -2*((-20)/2)/y. What is the greatest common factor of 15 and h?
5
Let w be 4 + ((-30)/(-18) - 31146/(-18)). What is the greatest common factor of 62 and w?
62
Let t = 70 - 63. Suppose 120 = t*a - 3*a. Calculate the highest common divisor of a and 30.
30
Suppose -6*z = 99 - 1617. Calculate the highest common factor of z and 46.
23
Suppose 13*u = 8*u + 35. Suppose -3*n + 8*n = 280. What is the highest common factor of u and n?
7
Let q(i) = -12 - 4*i + 4*i + 7*i. Let b = 18 + -6. Let w be q(b). Calculate the highest common factor of w and 18.
18
Let i be (-42)/56 - 46/(-8). Let b(s) = -2*s - 5. Let c be b(-4). Suppose 5*h = c*h + 10. What is the greatest common factor of i and h?
5
Let x = -12 - -5. Let j be 28 - 4/(-2)*-3. Let r = j + x. Calculate the greatest common factor of r and 3.
3
Suppose 4*p = -0*p - 5160. Let z be (2/4)/((-3)/p). Suppose -4*y + 169 = -z. What is the highest common factor of 12 and y?
12
Suppose 0 = 4*r + 2*u - 686, -r = 3*r + 3*u - 687. Calculate the greatest common divisor of r and 38.
19
Let c = -40 + 41. Let h(b) = 223*b**3 + 2*b - 1. Let o be h(c). Let w(y) = 4*y**3 - 3*y + 2. Let n be w(2). Calculate the highest common divisor of o and n.
28
Let q(c) = -c - 1. Let f be q(-3). Suppose -14 = -4*u - 2*j, j - 19 = -5*u + u. What is the greatest common factor of f and u?
2
Let m(x) = 3*x**3 - x**2 + x + 1. Let i be m(2). Let g(h) = -h**2 - h + 9. Let k be g(8). Let j = 52 - k. What is the highest common factor of i and j?
23
Suppose -3*a + 382 - 223 = 0. Suppose 2*o = -2, 4*o - 34 - 121 = -v. What is the greatest common factor of a and v?
53
Let o be 81 - -8 - (-3 + 0 + 4). Calculate the highest common divisor of o and 11.
11
Let p = 165 - 93. Let n be (-1 + -3)/(((-55)/(-30))/(-11)). Calculate the highest common factor of p and n.
24
Suppose 0 = -4*c - 12 + 52. Suppose 22*k - c = 20*k. Suppose 3*f = -p + 4 + 6, -2*p + 20 = -f. Calculate the highest common factor of p and k.
5
Let j = -115 + 226. Suppose j + 249 = 4*t. What is the greatest common divisor of t and 10?
10
Suppose -f + 2*s + 370 = 3*s, 0 = -4*f - 2*s + 1476. Calculate the highest common factor of f and 144.
16
Let y = 3 + -28. Let b = y + 95. Suppose -3 = -k + 7. Calculate the greatest common factor of k and b.
10
Suppose -3*t + z - 73 = 0, 3*z + z = -4*t - 92. Let d(i) = -i - 46. Let k be d(0). Let w = t - k. Calculate the highest common divisor of w and 22.
22
Let h be (-5)/(30/549)*-2. Let y = h - 135. What is the greatest common factor of y and 6?
6
Let z be ((-60)/(-8))/(25/50). What is the greatest common factor of z and 1095?
15
Let d = -205 + 146. Let o = d + 35. Let i be o/(-9)*(2 - -1). What is the highest common factor of i and 1?
1
Suppose 339 = -u + 4*u. Let k = -85 + u. What is the highest common divisor of k and 14?
14
Suppose -23*w + 72 = -17*w. Let u(n) = n**3 + 8*n**2 - 6*n + 5. Let m be u(-7). What is the highest common factor of w and m?
12
Suppose -4 = -0*a - 5*a - 3*t, -3*a - 9 = -2*t. Let u(o) = -7*o**3 - 2*o**2 + 1. Let k be u(a). What is the greatest common factor of 42 and k?
6
Let n(t) be the first derivative of -t**2 + 1. Let u be n(-5). Let v(x) = 4*x**2 - 24*x + 10. Let h be v(6). Calculate the highest common factor of h and u.
10
Suppose 7*k - 57 = 4*k. Suppose -q + 209 = 57. Calculate the greatest common divisor of k and q.
19
Suppose 2*c - a - 201 = 0, -3*c - 2*a + 172 + 112 = 0. Calculate the greatest common divisor of c and 182.
14
Suppose y = 11 - 8. Let x be (63/3)/(y/5). What is the highest common factor of 245 and x?
35
Let r = -19 + 29. Let i be 14/(-4)*(-30)/84*40. What is the greatest common factor of i and r?
10
Let p(v) = v - 7. Let f be p(7). Let d be (-142 - (f - -3))*-1. What is the highest common factor of d and 29?
29
Suppose 4548 = 4*i + q - 1598, 0 = 4*i - 3*q - 6138. What is the highest common factor of 48 and i?
48
Let v be 1/(0 + (-3)/(-42)). Suppose 4*x + v = 62. Suppose 5*z = -4*f + x, -2*z - 8 - 16 = -2*f. Calculate the greatest common divisor of 24 and f.
8
Suppose -17*g + 12800 = 8*g. Calculate the greatest common factor of 64 and g.
64
Suppose 4*f - 56 = 8*f. Let t = -8 + 3. Let m = t - f. Calculate the highest common factor of m and 3